te the highest common factor of 840 and 14428680.
840
What is the greatest common divisor of 136629 and 627?
57
Calculate the highest common factor of 4101 and 1006112.
1367
Calculate the highest common factor of 8325 and 1575.
225
What is the greatest common divisor of 4187 and 3950?
79
What is the highest common factor of 270874 and 1336?
334
Calculate the greatest common factor of 294693 and 42.
21
Calculate the greatest common divisor of 635459 and 451.
451
Calculate the greatest common factor of 944 and 10928.
16
Calculate the greatest common factor of 274167 and 369.
369
What is the greatest common divisor of 95325 and 4805?
155
What is the highest common divisor of 6 and 188478?
6
Calculate the highest common factor of 4528150 and 220.
110
What is the highest common factor of 229284 and 63?
9
Calculate the greatest common divisor of 278632 and 240.
8
What is the greatest common divisor of 9781 and 2?
1
Calculate the greatest common factor of 33284 and 424.
212
Calculate the highest common factor of 90 and 522.
18
What is the highest common divisor of 10412 and 380?
76
What is the greatest common divisor of 4325 and 1225?
25
What is the highest common factor of 125 and 181?
1
Calculate the greatest common divisor of 20 and 399895.
5
Calculate the greatest common divisor of 17516 and 290.
58
What is the greatest common divisor of 3304 and 2627506?
826
What is the highest common divisor of 3224 and 4728?
8
What is the greatest common divisor of 200 and 4658200?
200
What is the highest common factor of 590 and 43580?
10
What is the greatest common factor of 1544 and 489255?
193
What is the highest common factor of 672450 and 250?
50
Calculate the greatest common divisor of 6821500 and 35.
35
Calculate the highest common factor of 33973 and 2385.
53
Calculate the greatest common divisor of 1311 and 8778.
57
Calculate the highest common divisor of 1914 and 59682.
174
Calculate the greatest common divisor of 1127 and 42679.
49
Calculate the highest common factor of 32 and 59608.
8
Calculate the highest common divisor of 65807 and 2597.
49
What is the highest common divisor of 41 and 420127?
41
Calculate the highest common divisor of 6176 and 677816.
1544
What is the greatest common divisor of 320717 and 685?
137
Calculate the greatest common divisor of 176263 and 19.
19
What is the greatest common divisor of 125 and 189250?
125
What is the greatest common divisor of 89 and 229798?
89
Calculate the highest common divisor of 69373 and 865.
173
Calculate the highest common divisor of 2226777 and 147.
21
Calculate the greatest common divisor of 621699 and 4195.
839
What is the highest common factor of 1480 and 1070?
10
Calculate the greatest common factor of 41233 and 1.
1
Calculate the greatest common factor of 822 and 2497647.
411
What is the greatest common factor of 82522 and 1705?
341
Calculate the highest common factor of 288 and 1013616.
144
Calculate the highest common divisor of 166120 and 160.
40
What is the greatest common factor of 245034 and 162?
18
What is the highest common divisor of 63 and 777?
21
Calculate the highest common divisor of 116784 and 378.
18
Calculate the greatest common divisor of 190445 and 20.
5
Calculate the greatest common factor of 4671628 and 13.
13
Calculate the greatest common divisor of 155142 and 4420.
442
What is the highest common divisor of 3576 and 216?
24
What is the greatest common divisor of 132 and 4796?
44
Calculate the greatest common factor of 20735 and 42185.
715
Calculate the highest common divisor of 12628 and 84.
28
What is the highest common factor of 561136 and 176?
16
What is the greatest common divisor of 3 and 141345?
3
What is the greatest common divisor of 3 and 689982?
3
Calculate the greatest common factor of 8323 and 441.
7
Calculate the highest common divisor of 98555 and 9085.
115
What is the highest common divisor of 286094 and 106?
106
What is the greatest common factor of 59187 and 7421?
181
Calculate the greatest common factor of 3658 and 1550.
62
What is the highest common factor of 6 and 125394?
6
Calculate the greatest common factor of 41613 and 11440.
143
What is the highest common factor of 56 and 11048?
8
Calculate the greatest common divisor of 66447 and 4815.
963
What is the greatest common factor of 8925 and 665175?
525
What is the greatest common divisor of 259293 and 114?
57
Calculate the highest common divisor of 25174 and 287.
41
What is the highest common factor of 488684 and 54048?
2252
Calculate the highest common divisor of 33 and 55022.
11
What is the highest common divisor of 820 and 118180?
20
What is the highest common divisor of 61793 and 173223?
1013
Calculate the greatest common divisor of 812 and 34468.
28
What is the greatest common factor of 434 and 385?
7
Calculate the greatest common divisor of 46090 and 220.
110
What is the greatest common factor of 3469576 and 979?
979
What is the highest common divisor of 12493 and 403?
403
What is the highest common divisor of 280 and 1585304?
56
Calculate the greatest common factor of 1197648 and 576.
144
What is the greatest common divisor of 297461 and 109?
109
What is the greatest common divisor of 2425 and 5025?
25
Calculate the highest common factor of 6902 and 390978.
406
Calculate the highest common divisor of 114 and 52592.
38
Calculate the highest common divisor of 69 and 330441.
69
Calculate the highest common factor of 92529 and 782.
23
Calculate the greatest common factor of 583 and 20299.
53
Calculate the highest common factor of 6884 and 8.
4
Calculate the highest common factor of 495514 and 3488.
218
What is the highest common factor of 1223 and 95?
1
What is the highest common factor of 154680 and 480?
120
What is the greatest common divisor of 244116 and 36?
36
What is the greatest common divisor of 702 and 962?
26
Calculate the highest common factor of 158414 and 10094.
206
Calculate the greatest common divisor of 32408 and 856.
8
What is the greatest common factor of 454032 and 186027?
3153
What is the greatest common factor of 51 and 929492?
17
What is the highest common divisor of 46562 and 37550?
1502
Calculate the highest common divisor of 849584 and 1856.
464
What is the highest common divisor of 855462 and 138?
138
What is the highest common factor of 280 and 21320?
40
What is the highest common divisor of 6739 and 230?
23
What is the highest common factor of 849 and 2264?
283
Calculate the greatest common factor of 45 and 1863.
9
Calculate the highest common factor of 12075 and 16800.
525
What is the greatest common factor of 2711976 and 306?
102
Calculate the greatest common divisor of 81786 and 1585.
317
What is the highest common factor of 370 and 75998?
74
What is the greatest common divisor of 110 and 838?
2
Calculate the highest common factor of 559 and 62221.
43
Calculate the highest common divisor of 59735 and 104.
13
Calculate the greatest common factor of 5442313 and 4618.
2309
Calculate the highest common divisor of 36231948 and 18.
18
What is the highest common factor of 41950 and 510?
10
Calculate the highest common divisor of 1131 and 104.
13
What is the greatest common factor of 3026983 and 293?
293
Calculate the highest common factor of 22428 and 462444.
1068
What is the greatest common divisor of 13128 and 102?
6
Calculate the highest common factor of 7623 and 5229.
63
What is the greatest common factor of 41 and 250510?
41
Calculate the greatest common divisor of 387 and 24897.
129
Calculate the greatest common divisor of 4431 and 119.
7
What is the greatest common factor of 173970 and 30?
30
What is the greatest common divisor of 4509 and 1179187?
167
What is the greatest common divisor of 15 and 154365?
15
Calculate the greatest common divisor of 50624 and 1568.
224
What is the highest common divisor of 4258 and 1126?
2
What is the greatest common factor of 75884 and 732?
244
What is the greatest common divisor of 232762 and 5?
1
Calculate the highest common divisor of 9162 and 144.
18
What is the highest common factor of 5875 and 141?
47
Calculate the highest common factor of 3544 and 12012388.
1772
Calculate the greatest common divisor of 152 and 95836.
76
Calculate the highest common divisor of 13369 and 12035.
29
Calculate the highest common factor of 106